alse
Is 18058738933 composite?
False
Is 5054787043 a composite number?
False
Is 48777317 a prime number?
True
Is 7252469579 prime?
False
Is 37263062 prime?
False
Is 410201152693 a composite number?
False
Is 63209144503 prime?
False
Is 170383381169 prime?
True
Is 22511396071 a prime number?
True
Is 1457657261 a composite number?
False
Is 8075948191 a composite number?
True
Is 589717207 a prime number?
True
Is 1054078687 prime?
False
Is 400348747 a composite number?
False
Is 1465851757 prime?
True
Is 19543322 composite?
True
Is 293352673 composite?
True
Is 10596644509 a prime number?
False
Is 2420084003 prime?
False
Is 38059293443 composite?
False
Is 9570494111 composite?
True
Is 2163504341 prime?
False
Is 121330649029 a prime number?
False
Is 42381413201 a prime number?
True
Is 620303873 a prime number?
False
Is 51342941327 a composite number?
True
Is 6628909007 a composite number?
True
Is 142412726095 a prime number?
False
Is 112605677491 a composite number?
True
Is 3455053249 a prime number?
False
Is 34746251957 a composite number?
True
Is 369728573 a composite number?
True
Is 8456848661 a composite number?
False
Is 1318426933 a prime number?
True
Is 801538901 a prime number?
True
Is 7181826403 a composite number?
True
Is 3913680541 prime?
True
Is 4767711869 prime?
True
Is 1156351627 prime?
False
Is 14087827603 composite?
False
Is 6091927141 a composite number?
True
Is 6870984455 a composite number?
True
Is 17834155211 a prime number?
True
Is 7219842527 a prime number?
False
Is 3395999077 a prime number?
False
Is 3484482751 prime?
False
Is 1450059241 prime?
False
Is 712963583 a prime number?
True
Is 33816132293 prime?
False
Is 1852651873 a composite number?
False
Is 16905059049 a prime number?
False
Is 4391767621 a composite number?
True
Is 7725270829 prime?
True
Is 164871773569 composite?
True
Is 23667921031 composite?
True
Is 19749876353 a composite number?
True
Is 11168001643 prime?
False
Is 24577739 a prime number?
True
Is 56147868509 a composite number?
False
Is 417876241 prime?
True
Is 1395213451 prime?
True
Is 435544159 composite?
True
Is 3444337993 a composite number?
True
Is 164474327 composite?
True
Is 251500488335 a prime number?
False
Is 2404285939 prime?
False
Is 2757705869 composite?
False
Is 3131490157 prime?
True
Is 1436237857 a prime number?
True
Is 19613190151 a composite number?
False
Is 523739573 composite?
True
Is 83046961105 composite?
True
Is 3233039471 a prime number?
True
Is 70928822731 a prime number?
False
Is 85219333 a prime number?
False
Is 60763061143 composite?
False
Is 118665431 a prime number?
False
Is 54917907673 a prime number?
True
Is 46545217 composite?
True
Is 3794755661 composite?
False
Is 10850617711 prime?
True
Is 2263685491 a composite number?
True
Is 787828669 prime?
False
Is 33336913 prime?
False
Is 1018447711 prime?
True
Is 5236104553 composite?
False
Is 26026998191 a composite number?
True
Is 1067784217 a composite number?
True
Is 4047706402 composite?
True
Is 583614173 composite?
False
Is 21564387721 composite?
False
Is 1371593791 a composite number?
True
Is 1176021787 a prime number?
True
Is 367906739 a composite number?
True
Is 17057333017 prime?
False
Is 7661506549 prime?
False
Is 20649410699 composite?
False
Is 12339266327 a composite number?
False
Is 52361294681 prime?
True
Is 17361163039 a prime number?
False
Is 139343599 a prime number?
True
Is 4165437847 prime?
False
Is 11883680174 a composite number?
True
Is 1054229401 composite?
True
Is 3690813419 prime?
True
Is 29384627 composite?
True
Is 19268083 a composite number?
True
Is 1222519847 a prime number?
False
Is 429293659 a prime number?
False
Is 18494835977 a composite number?
False
Is 73744842047 prime?
True
Is 2451381341 a composite number?
True
Is 13710566287 a composite number?
True
Is 1455257827 a prime number?
True
Is 25435159769 a composite number?
False
Is 7734579499 prime?
False
Is 3570292361 a prime number?
True
Is 96040460219 prime?
False
Is 2209913293 a composite number?
True
Is 16152542407 prime?
True
Is 4386612889 a composite number?
True
Is 67396895219 composite?
True
Is 90375505967 prime?
True
Is 195541061 prime?
True
Is 9358166119 composite?
False
Is 12885917041 prime?
False
Is 27493897337 composite?
False
Is 30988188841 a composite number?
False
Is 2032997818 composite?
True
Is 157468398481 prime?
False
Is 947607049 a prime number?
True
Is 4139494507 composite?
False
Is 279225149 a prime number?
False
Is 47929912477 prime?
True
Is 2875931639 prime?
False
Is 3186113 a composite number?
True
Is 5568415079 a prime number?
False
Is 3069275069 composite?
True
Is 1563699161 a prime number?
False
Is 3493888087 a composite number?
True
Is 32059203895 prime?
False
Is 16652688523 a composite number?
False
Is 1145321279 composite?
False
Is 106568618491 composite?
False
Is 3566268469 a composite number?
False
Is 14027942233 a prime number?
True
Is 461572585 composite?
True
Is 16181609215 a composite number?
True
Is 9519823 prime?
True
Is 3833552363 a prime number?
True
Is 1676828093 composite?
False
Is 558755027 composite?
True
Is 7401984923 composite?
False
Is 2654870761 a prime number?
False
Is 276503411 a prime number?
False
Is 313089443 a prime number?
True
Is 42340434469 composite?
False
Is 5265008279 composite?
True
Is 83994321707 a composite number?
True
Is 11215503193 prime?
False
Is 235027171 prime?
False
Is 25026975931 a prime number?
True
Is 51820066093 a composite number?
False
Is 9545694103 composite?
True
Is 237058163 a composite number?
False
Is 783134831 composite?
True
Is 47727047897 a composite number?
True
Is 3984494941 a prime number?
False
Is 26030899187 a prime number?
False
Is 79964246459 prime?
False
Is 25465522447 prime?
True
Is 1978703137 prime?
True
Is 155100044779 a prime number?
True
Is 4232326499 a composite number?
False
Is 2892423797 a composite number?
False
Is 9728831 composite?
True
Is 15050612813 a composite number?
True
Is 1102989067 a composite number?
True
Is 90014809373 a prime number?
True
Is 62385220841 prime?
False
Is 1892124583 composite?
True
Is 22564193329 a prime number?
False
Is 18843484843 a prime number?
True
Is 14626470179 a composite number?
True
Is 24340098703 a composite number?
True
Is 5042753759 prime?
True
Is 11844736411 a composite number?
True
Is 89757817403 a composite number?
False
Is 641116381 composite?
False
Is 59079051793 a prime number?
True
Is 1579369399 prime?
False
Is 11593181 a prime number?
False
Is 6157259209 composite?
False
Is 161098997 prime?
True
Is 1323096499 a prime number?
True
Is 348618329429 composite?
True
Is 1566997309 prime?
True
Is 6581541737 a composite number?
False
Is 3127443629 prime?
True
Is 280870358 a prime number?
False
Is 553817153 prime?
False
Is 4036843517 a composite number?
True
Is 27560704879 a prime number?
True
Is 3960551069 a prime number?
False
Is 531125311 prime?
True
Is 510652169 prime?
False
Is 812300383 composite?
False
Is 195438602113 a prime number?
True
Is 148413517 a composite number?
True
Is 11554125014 a composite number?
True
Is 133788761 prime?
True
Is 11188595617 composite?
True
Is 10311527609 a prime number?
True
Is 112872387283 prime?
False
Is 220627661 a composite number?
True
Is 1280437343 prime?
True
Is 139165843 a prime number?
False
Is 5552164621 a prime number?
True
Is 3648325397 a prime number?
True
Is 25707914737 prime?
True
Is 1008259367 prime?
True
Is 640211513 prime?
True
Is 83808110333 composite?
True
Is 1517627071 a prime number?
False
Is 27779295146 composite?
True
Is 284689351 a prime number?
True
Is 13505708213 prime?
False
Is 747753353 a prime number?
True
Is 66087107 a prime number?
False
Is 25993518359 prime?
True
Is 18688542193 a prime number?
False
Is 17560024817 a composite number?
False
Is 1160040773 a composite number?
False
Is 53771819 composite?
False
Is 266709706739 a composite number?
True
Is 10289150369 prime?
True
Is 7961331787 a prime number?
True
Is 581301331 a prime number?
False
Is 43785949 a prime number?
False
Is 18502785187 composite?
False
Is 601829587 a prime number?
False
Is 672034369 prime?
False
Is 5113200577 composite?
False
Is 1772805871 a prime number?
False
Is 6033791273 a prime number?
False
Is 47937484009 a composite number?
False
Is 1335804397 prime?
False
Is 11